3*n = -243. Let u be (n/(-4))/(8/(-32)). Let z = -55 - u. What is the units digit of z?
6
Let q(f) = 21*f**3 - 2*f + 1. Let d = -125 + 126. What is the units digit of q(d)?
0
Let m = 15 - 15. Suppose 3*f = -3*j + 123, 2*f + 2*f + 5*j - 165 = m. What is the units digit of f?
0
Suppose -5*n - 247 = -c, 2*c - 539 = n - 0*n. Suppose 8*u = 4*u + c. What is the units digit of u?
8
Let m be -2*3/21 + (-23)/(-7). Suppose 0 = 2*i + 2*y - 104, 2*i = -m*y - 24 + 127. What is the tens digit of i?
5
Let t(n) = -n**2 + 25*n - 14. Let d(q) = -q + 1. Let p(a) = -3*d(a) + t(a). What is the hundreds digit of p(13)?
1
Suppose -2*r - 5*m = -3774, 0*r - 2*m = -r + 1896. What is the hundreds digit of r?
8
Suppose 4*u = 3*u + 3*n - 12, -5*n + 28 = u. Suppose -z - 4 = -u*z. Suppose -6*i + 160 = -z*i. What is the tens digit of i?
4
Let v(g) = -5*g**2 + 3*g + 4*g**2 + 17*g - 3*g - 1. What is the tens digit of v(16)?
1
Let o = -57 - -36. Let y = o + 38. Suppose y + 208 = 5*r. What is the tens digit of r?
4
Let x = 299 - -386. Suppose 5*f + 5*d = x + 385, -5*f = 2*d - 1061. What is the tens digit of f?
1
Suppose 5*u + 18 = 4*r, 3*r - 12 = 3*u + 3. Suppose y + r = 2*y. Suppose 0 = 2*z - y - 23. What is the units digit of z?
5
Let i(v) = -81*v - 259. What is the hundreds digit of i(-6)?
2
Let p = -651 + 1258. What is the tens digit of p?
0
Suppose -4*w + 5*w = 2. Suppose -w*x + 16 = 5*u + 3, x - 2 = 2*u. Suppose -58 = -x*c + 30. What is the units digit of c?
2
Let o be 9/6*(-8)/(-6). Suppose 0 = -2*g + 2, -3*t + 2*g + 298 = -3*g. Suppose 4*u - 133 = -v, -u - o*u = v - t. What is the units digit of u?
2
Let n be 3 - (1 + (-3 - -2)). Suppose -4*m + n*j = -j + 40, 0 = m - 2*j + 11. What is the units digit of -3*(114/m)/1?
8
Suppose -l = 2*h - 2010 - 698, -2*l - 2714 = -2*h. Suppose -283 = 8*t - h. What is the hundreds digit of t?
1
Let l(d) = -1790*d + 81. What is the hundreds digit of l(-3)?
4
Let l(p) = -583*p - 59. What is the units digit of l(-2)?
7
Suppose 203 = x - 2*k - 481, k + 3 = 0. What is the units digit of x?
8
What is the units digit of (109 - -3073) + 18/2?
1
Let i = 141 - 155. Let l(x) = 4*x + 1. Let r be l(-2). What is the units digit of (-2)/r + (-38)/i?
3
Suppose 0*z + z = 5, -p - 4*z + 195 = 0. Suppose 2*i - 597 = r - p, 213 = i - r. What is the hundreds digit of i?
2
Let h(b) = 101*b + 322. What is the thousands digit of h(24)?
2
Let d(m) be the second derivative of -m**5/20 + m**4/4 - m**3/3 + 3*m**2/2 - m. Let k be d(2). Suppose -4 = -k*n - n. What is the units digit of n?
1
Suppose -15 = -5*z - 0. Suppose 3*m - z*d = 135, -2*m = -5*m + 4*d + 133. What is the tens digit of m?
4
What is the tens digit of (-46)/(-3)*(-882)/(-21)?
4
Suppose 2*l - 5*n - 1126 = 0, 0 = -2*n - 1 - 7. Suppose -5*i - 108 = -l. What is the tens digit of i?
8
Let b(t) = 161*t - 419. What is the units digit of b(23)?
4
Let v = 87 + -85. Suppose 4*n - 4*g = 1124, 4*n + 3*g + v*g = 1106. What is the units digit of n?
9
Let n be 2/(30/(-261)) + 15/(-25). Let t(k) = -k**2 - 24*k - 1. What is the tens digit of t(n)?
0
Let w be ((-16)/(-12) - 1)/(2/12). Let b(t) = -t**3 + 11*t**2 - 10*t + 3. Let k be b(10). What is the tens digit of w + (30 - k/(-1))?
3
Let u(m) = -m + 10. Suppose 0 = -3*r + 4*i - 33, -r - 3*r = -i + 31. What is the tens digit of u(r)?
1
Suppose 36 - 26 = f. What is the units digit of 21 - ((-15)/(-10) - f/(-4))?
7
Let k(r) = -5*r**2 + 241. What is the hundreds digit of k(0)?
2
Let g be 1 - 7/((-14)/370). Suppose -g = -2*i - 2*r + 50, -133 = -i - 4*r. What is the tens digit of i?
1
Let b(x) = 2*x**3 + 13*x + 10*x**2 + 0 - 3*x**3 - 2 + 0*x. What is the tens digit of b(11)?
2
Let z be (-1)/(-1)*5/(10/(-6)). Let d(a) = -2*a + 2. Let c be d(6). Let o = z - c. What is the units digit of o?
7
Suppose -2*v = 2*y - 778, 2*v + y - 770 = 3*y. What is the units digit of v?
7
Suppose -44 - 68 = -7*h. Suppose -h*k = -15*k - 58. What is the units digit of k?
8
Let k = 26 + 82. Suppose 8*r - 3*r = -3*l - k, 4*l = -3*r - 144. Let t = -21 - l. What is the tens digit of t?
1
Let h = -76 + 137. Suppose -7*x = -118 - 64. Let j = h - x. What is the tens digit of j?
3
Suppose -3*v + 1487 = j, v - 126 = j + 371. What is the tens digit of v?
9
What is the units digit of 1263 - -18 - 0/(9/(-3))?
1
Let x = -159 - -56. Let k = -34 - x. What is the units digit of k?
9
Suppose 75*u - 225171 = -19971. What is the tens digit of u?
3
Let b be (2/3)/(14/357). Let x = -14 + b. Suppose f = x*f - 72. What is the tens digit of f?
3
Let f = -117 + 59. Suppose -g = 5*k - 3*g - 415, 3*k - 249 = 3*g. Let o = f + k. What is the tens digit of o?
2
Let z = 3 - 0. Suppose 2*i + 0*i - h = 42, 0 = 2*i + z*h - 42. What is the units digit of i?
1
Suppose -1624 - 770 = -9*h. What is the tens digit of h?
6
Suppose 2 = l - 2*l. Let p(d) be the first derivative of -3*d**4/2 - d**3/3 - d**2/2 - 2*d + 178. What is the units digit of p(l)?
4
Let c be (-2 - 2/(-1)) + 3. Suppose 7 = c*l - 20. What is the units digit of l?
9
Suppose 12 = p - 1. Suppose 2*i = -2*c - 2*i + 4, -5*i - 21 = -4*c. Let x = p + c. What is the tens digit of x?
1
Suppose -3*s - 6351 = -131*d + 128*d, -4*d - 3*s = -8496. What is the tens digit of d?
2
Suppose -2*a + 2*r + 374 = 0, a + 8*r - 187 = 10*r. What is the hundreds digit of a?
1
Suppose -3*t = -12, 4*z = 2*z + 2*t + 2. Suppose -u - 3 = -z. What is the tens digit of (-1 + -1)/(u/(-31))?
3
Suppose -237*o + 482 = -235*o. What is the units digit of o?
1
Suppose 14976 = 37*s - 21*s. What is the units digit of s?
6
Suppose q = 2 + 3. Let k(r) = -1 - 2*r + 2*r**2 - r**2 - q - 2. What is the tens digit of k(-4)?
1
Suppose -2*c + 502 = -4*d, 3*c + d - 773 = 2*d. Suppose 5*q + 60 = 4*t + c, 5 = -5*t. What is the tens digit of q?
3
Let i be 20/35 - (-24)/7. Suppose -9 = -4*h - 0*m - 3*m, -i*h - m = -11. Suppose 7*p - 84 = h*p. What is the units digit of p?
1
What is the tens digit of 4/(-36) + 147742/63?
4
Let u(s) = -2*s - 1. Let z be u(-3). Let r(m) = 18*m - 8. Let a be r(5). Suppose -z*i + a = -18. What is the units digit of i?
0
Suppose -4*w = 2*z - 18, -2*w + 7*z + 15 = 2*z. Suppose 0*b - w*b = -180. Suppose -2*n - n = -b. What is the units digit of n?
2
Suppose -890 = -6*z + 1324. What is the hundreds digit of z?
3
Let g = -5300 - -8485. What is the thousands digit of g?
3
Suppose 5*q - 177 = -g, 0*q + 324 = 2*g + 4*q. What is the hundreds digit of g?
1
Suppose -9 = -2*u - u. Suppose -z - u*w = 3*z + 55, -w = 4*z + 53. Let x = -3 - z. What is the tens digit of x?
1
Let u(y) = -y**3 - 7*y**2 + 1. Let h be u(-7). Let c be 1 - 1 - (-2 - h). Suppose -w = s - 31, c*s - 3*w - 98 = -w. What is the tens digit of s?
3
Let d = 0 + 564. What is the hundreds digit of d?
5
Let a = -2248 + 2756. What is the tens digit of a?
0
Let b = 388 - 212. What is the tens digit of b?
7
Let v = 679 - 193. What is the tens digit of v?
8
Suppose 2*s - 875 = 2*y - 5*y, 2*y - 5*s - 615 = 0. What is the units digit of y?
5
What is the tens digit of (-3810)/(-4)*(80/(-6))/(-10)?
7
Suppose 7 = 4*u + 31. What is the units digit of 2/u - 628/12*-4?
9
Let m be 3 + 1 + -2 - -28. Let w be 10/m*(-7 - -1). What is the tens digit of (-55)/22*36/w?
4
Let c(w) be the third derivative of -w**6/120 - 7*w**5/60 - w**4/12 + w**3/3 - 3*w**2. What is the tens digit of c(-8)?
8
Let u = 247 - 205. What is the units digit of u?
2
Suppose 93 = 5*p - 3*d - 78, 5*d = -5*p + 155. Suppose 0 = 2*n - 3*k - p, 3*n - 3*k - 22 = 26. What is the units digit of n?
5
Let k(y) be the third derivative of 13*y**5/12 + 5*y**4/24 + 40*y**2. What is the hundreds digit of k(-2)?
2
Let h(d) = -5*d**2 - 17. Let s(i) = 6*i**2 + i + 18. Let q(j) = -4*h(j) - 3*s(j). What is the hundreds digit of q(9)?
1
Let u(m) = 196*m + 78. What is the hundreds digit of u(4)?
8
What is the units digit of 135/2*(-65 - -73)?
0
What is the units digit of ((-680)/(-51))/(2/48)?
0
Suppose y = -4*y + 25. Suppose -y*h + 8 = -437. What is the units digit of h?
9
Let o(n) = 25*n**2 - 3*n + 4. Let y be o(3). Suppose 3*g = -q + 8, -4*q + 68 = -g + 10. Suppose -q*u = -9*u - y. What is the tens digit of u?
4
Let z be 42 + -6 + (2 - 2). Suppose -k + z = k. Let p = 52 - k. What is the tens digit of p?
3
Let c = -228 + 1064. Suppose x + 3*x - c = 0. What is the hundreds digit of x?
2
Let q(w) = -8*w - 23